 250188 = 0, 0 = -5*r - 10. Is c a composite number?
False
Is ((-125)/(-10) + -8)/(1 + 356178/(-356196)) a composite number?
True
Is (72752/(-24))/((-52)/78) a prime number?
True
Suppose -266*a + 281*a = 1362705. Is a composite?
False
Let f = 8990 + 331. Suppose 3*k = 95*q - 91*q + 6991, 5*q + f = 4*k. Is k prime?
False
Let z = -5 + 3. Let l(g) be the third derivative of -43*g**4/24 - g**3/6 + 101*g**2. Is l(z) composite?
True
Suppose s - 3978 - 15488 = 0. Is s prime?
False
Let p(c) = 53*c + 8. Let v(g) = -26*g - 4. Suppose -5*o + 4*u = 13, o - 3*o - 4 = -2*u. Let n(l) = o*v(l) - 3*p(l). Is n(-3) prime?
True
Suppose -34 + 34 = -11*t. Let a be 29/(-5) + 7/(-35). Is a/(-9) + t - (-3603)/9 a prime number?
True
Let p(w) = 53*w**2 - 36*w - 190. Is p(-41) a composite number?
False
Suppose 151*x - 3043905 = -141*x + 4362091. Is x a composite number?
True
Let q = 2576 - -2312. Let u = -3489 + q. Is u composite?
False
Let c(g) = -g**2 - 11*g. Let p be c(0). Suppose -298 - 766 = -3*v + 5*f, f + 1 = p. Is v composite?
False
Let c = 7 - 4. Suppose 3*b - 5*u = -2638, c*u = 2*u - 4. Is b/1*2/(-4) composite?
False
Suppose 2*l - 53571 = -4*v + 499, -4*v - 3*l = -54071. Is v a prime number?
False
Let l be 6/(-8)*1842432/(-288). Suppose 27376 = 2*q - l. Is q prime?
True
Let g = 345265 + -155723. Is g a prime number?
False
Suppose -f = -1, -3*w - 42 = -3*f - 204. Let h = w - 49. Suppose h*b = -1829 + 7451. Is b a composite number?
False
Suppose -135075 = -3*o + 3*f, -2*o = 3*o - f - 225117. Is o prime?
False
Suppose 0 = -2*n + 46 - 54. Let f(u) = u**3 + 4*u**2 + 4*u - 4. Let s be f(n). Is 606/2 - s/(-5)*-1 prime?
True
Let g(h) = -8*h - 71. Let z be g(-9). Is ((-13154)/(-10) + z)/((-4)/(-10)) a prime number?
False
Let v(n) = 13*n + 11 + 15*n - 27*n. Let j be v(-9). Suppose -t - j*t + 387 = 0. Is t composite?
True
Let m = -9645 + 6215. Let n be (57/38)/(6/19556). Let y = m + n. Is y a composite number?
False
Let p(q) = -233509*q. Is p(-1) a composite number?
False
Let b be 4050 - ((-8)/6)/(34/(-51)). Let s = b + 3779. Is s a composite number?
True
Let v(c) = -323*c - 11. Let k be v(-4). Suppose 6*a - k = 1365. Let f = 968 + a. Is f a prime number?
True
Suppose -11632554 - 5527603 = -17*r. Is r composite?
True
Is 0 + (-215938)/(-11) - (-141)/517 composite?
True
Let m = 2147 + 46964. Is m composite?
True
Let n(f) = -1737*f**3 + 4*f**2 + 2*f + 17. Is n(-6) composite?
False
Suppose -2*u = -3*j - 16 + 4, j = -4*u + 10. Suppose u*n - 78121 + 31786 = 0. Is n a composite number?
True
Let d(u) = -49*u**3 + 39*u**2 - 17*u + 110. Is d(-19) composite?
True
Is -3 + 41778696/51 + 1/(119/(-14)) prime?
True
Let l = -697006 - -1701827. Is l prime?
False
Let h(l) = -3*l**2 + l + 7. Let u(w) = -6*w**2 + 3*w + 15. Let j(s) = -9*h(s) + 4*u(s). Let b be j(-3). Suppose 0 = -b*x + 18*x - 13461. Is x a prime number?
False
Let x = -93 - -85. Let a = -91 + 35. Is ((-662)/x)/((-2)/a) composite?
True
Let d = -103 - -54. Let h = d - -49. Suppose 9*f - 9603 = -h*f. Is f prime?
False
Let o(b) be the second derivative of 17*b**4/12 - 43*b**3/6 - 59*b**2/2 + 19*b. Let y(c) = 11*c**2 - 29*c - 39. Let z(a) = -5*o(a) + 8*y(a). Is z(-9) prime?
True
Let f(h) = 369*h**2 + 11*h - 6. Let c be f(2). Let b = 4047 + c. Is b composite?
True
Suppose -12*s = -187*s - 278*s + 1448395473. Is s composite?
True
Suppose 6*c = 26*c - 1020. Is 85 + (9/(-5))/(c/170) a composite number?
False
Suppose 25*u - 6 = 22*u. Suppose 3*v - 6339 = -u*m + 6054, -v - 6189 = -m. Let z = -3949 + m. Is z composite?
False
Let x = 300 - 299. Let c(h) = 5980*h**3 + 2*h**2 - 2*h + 1. Is c(x) a prime number?
True
Suppose s = j + 17290, 58764 + 10391 = -4*j + 3*s. Let c = -9646 - j. Is c composite?
False
Suppose 0 = 6*p - 7*p. Let t(f) = -f**3 + 1469. Let d be t(p). Let o = d + 216. Is o prime?
False
Is (2 + -3)/((-14921)/(-22403) + (-2)/3) a composite number?
True
Let c(g) = -2*g**2 - 2*g - 57. Let i be c(0). Let h = i - -58. Is 1071 - (h - 1/(-1)) a composite number?
False
Suppose 7*x + 64 = 92. Suppose 2*a - 3*a = 2, x*b = -4*a + 13100. Is b composite?
True
Suppose 135*c + 160*c - 56512832 = 12886803. Is c a composite number?
True
Let p(j) = -j**2 + 2*j + 5. Let x be p(0). Suppose 0*b = x*b + 3*b. Suppose 2*k = -b*k + 3*z + 559, -2*z = 5*k - 1388. Is k a composite number?
True
Suppose -p + 0*p = a - 424, -a + 1274 = 3*p. Let o = p + -162. Suppose -r + 3*i = r - o, -i = -5. Is r composite?
False
Suppose 4*x - 3311582 = -2*f + 1280560, 5*x + 11480250 = 5*f. Is f a prime number?
True
Suppose -4*x - 5*r + 10 = -7, -2*r = -2. Suppose -2*h + 2391 = x*a, -153*a - 3*h - 1607 = -155*a. Is a prime?
False
Let a(s) = -16*s**3 - 73*s**2 - 132*s - 23. Let x(d) = 9*d**3 + 36*d**2 + 66*d + 12. Let i(k) = -4*a(k) - 7*x(k). Is i(-35) a prime number?
True
Let k = 2873197 - 1671816. Is k a composite number?
False
Is ((-10)/250)/(5/(-25)) + 1946127/15 a prime number?
False
Let c = -244 + 240. Is 836 - (-5 + c/(-2) + 0) a composite number?
False
Let t(n) = 4*n**2 + 7. Let s be t(-4). Let v = 71 - s. Suppose 5*z + 4*g - 458 = v, z - g + 31 - 128 = 0. Is z composite?
True
Suppose 5*y = -h + 349959, 60*h + y + 699874 = 62*h. Is h composite?
False
Suppose -610371 = -17*x + 803434. Is x prime?
False
Let c(r) = 379*r**2 - 14*r - 20. Let o be c(6). Suppose -a - 33847 = -5*s, 4*s - 6*s = -a - o. Is s prime?
False
Suppose -7425 = 11*t - 1188. Let y = 22228 + t. Is y prime?
True
Suppose -2*g - 20*j + 29*j + 60698 = 0, 4*g - 121488 = -5*j. Is g a composite number?
False
Is 2/(12/90878706*9) a composite number?
False
Let p = 364 + 311. Let z = p + -1380. Let t = -334 - z. Is t a prime number?
False
Let x(v) = -50*v**3 - 13*v**2 - 3*v - 26. Let t be x(-5). Suppose -t = 51*n - 56455. Is n composite?
False
Suppose -2180 - 5532 = -v. Suppose 3*p - 4*u = -p + v, 0 = 4*p - 3*u - 7710. Suppose p = 5*z - 4*i, -4 = i - 0*i. Is z composite?
True
Let j = -20 + 25. Suppose 42 = -j*d - 28. Is 39040/35 + 6/d*1 a composite number?
True
Let n(t) = 130*t - 17 + 55*t + 19*t + 38*t. Is n(9) composite?
False
Suppose 2*s - 5*d = 336149, -s - 5*d + 66081 = -101971. Is s a composite number?
False
Let z(l) = -l**2 + 4*l + 25. Let h be z(7). Suppose -4*m + 47659 = 5*c - 6*m, 3*c - 28587 = h*m. Is c a prime number?
True
Suppose 7*p = 20 + 15. Suppose -p*y + 17 = 4*r - 3*r, 0 = -5*y - 2*r + 19. Suppose 3*h - 2178 = y*d, h + 92 - 788 = -5*d. Is h prime?
False
Suppose 3*r = -5*y - 75, -10*r = -11*r + 2*y - 25. Let p(b) = b**3 + 34*b**2 - 29*b + 71. Is p(r) composite?
False
Let m = -24685 - -68991. Is m a prime number?
False
Suppose 217*u - 207*u + 1346487 = 8610377. Is u a composite number?
True
Is ((-309674)/(-18))/(11/99) a prime number?
False
Let a = 14 + -27. Let n(j) = j**3 + 17*j**2 - 16*j - 5. Let t(d) = 3*d**3 + 50*d**2 - 49*d - 16. Let k(l) = -11*n(l) + 4*t(l). Is k(a) prime?
True
Suppose -4*m + q = -28, -10 = -5*q + 10. Let x be (-3)/(12/m) - -32. Suppose -n = x - 115. Is n prime?
False
Let y = -116 + 114. Is (-6*(-1)/y)/2*-1706 a composite number?
True
Is -11 + (-5)/((110/(-12))/11) - -89911 composite?
True
Suppose -5*p + 0*p = 3*r - 71567, 2*p = -5*r + 119253. Is r prime?
False
Let o be 199467489/104 - (-3)/8. Suppose 70*u + 361647 = o. Is u a composite number?
True
Suppose 0 = -7*k + 443 - 135. Let d = 49 - k. Let l(r) = 3*r**3 - 4*r**2 - 9*r - 7. Is l(d) a composite number?
False
Let k = 630595 + -268016. Is k a prime number?
False
Suppose 0 = 3*z - 15842 - 45445. Suppose -8534 - z = -11*m. Is m composite?
False
Let r = 307978 + -192147. Is r a prime number?
True
Suppose -95*u + 87*u = -31600. Let i = 14023 - u. Is i a composite number?
True
Suppose 142*p - 46653078 = -80*p. Is p composite?
True
Let n = 16376 + 9455. Is n a composite number?
True
Let h = 99 + -97. Suppose h*v - 1734 + 232 = 0. Is v a prime number?
True
Let q be (-45)/2*54/(-5). Suppose 302 = 4*x - 50. Suppose 0 = -5*t - x + q. Is t composite?
False
Let z(q) = -q**3 + 2*q**2 + 1. Let t be z(4). Let k = t + 39. Suppose -k*h + 4764 = -2060. Is h composite?
False
Suppose 0 = -y + 4*u - 292 + 56, -4*u + 16 = 0. Let w be (-2)/(-5) + (-4046)/(-10). Let r = w + y. Is r a prime number?
False
Suppose -5*q - 769 = -j, j + 0*q - 3*q = 763. Let k = 5270 + -3385. Suppose o + o - 3*u - j = 0, -k = -5*o + u. Is o a composite numb